{"version":"1.0","provider_name":"Aktualno\u015bci","provider_url":"https:\/\/epokaserca.pl\/aktualnosci","author_name":"admin","author_url":"https:\/\/epokaserca.pl\/aktualnosci\/author\/admin\/","title":"5 grudnia 2017 - Aktualno\u015bci","type":"rich","width":600,"height":338,"html":"<blockquote class=\"wp-embedded-content\" data-secret=\"q3p3PKhqKQ\"><a href=\"https:\/\/epokaserca.pl\/aktualnosci\/5-grudnia-2017\/\">5 grudnia 2017<\/a><\/blockquote><iframe sandbox=\"allow-scripts\" security=\"restricted\" src=\"https:\/\/epokaserca.pl\/aktualnosci\/5-grudnia-2017\/embed\/#?secret=q3p3PKhqKQ\" width=\"600\" height=\"338\" title=\"&#8222;5 grudnia 2017&#8221; &#8212; Aktualno\u015bci\" data-secret=\"q3p3PKhqKQ\" frameborder=\"0\" marginwidth=\"0\" marginheight=\"0\" scrolling=\"no\" class=\"wp-embedded-content\"><\/iframe><script>\n\/*! This file is auto-generated *\/\n!function(d,l){\"use strict\";l.querySelector&&d.addEventListener&&\"undefined\"!=typeof URL&&(d.wp=d.wp||{},d.wp.receiveEmbedMessage||(d.wp.receiveEmbedMessage=function(e){var t=e.data;if((t||t.secret||t.message||t.value)&&!\/[^a-zA-Z0-9]\/.test(t.secret)){for(var s,r,n,a=l.querySelectorAll('iframe[data-secret=\"'+t.secret+'\"]'),o=l.querySelectorAll('blockquote[data-secret=\"'+t.secret+'\"]'),c=new RegExp(\"^https?:$\",\"i\"),i=0;i<o.length;i++)o[i].style.display=\"none\";for(i=0;i<a.length;i++)s=a[i],e.source===s.contentWindow&&(s.removeAttribute(\"style\"),\"height\"===t.message?(1e3<(r=parseInt(t.value,10))?r=1e3:~~r<200&&(r=200),s.height=r):\"link\"===t.message&&(r=new URL(s.getAttribute(\"src\")),n=new URL(t.value),c.test(n.protocol))&&n.host===r.host&&l.activeElement===s&&(d.top.location.href=t.value))}},d.addEventListener(\"message\",d.wp.receiveEmbedMessage,!1),l.addEventListener(\"DOMContentLoaded\",function(){for(var e,t,s=l.querySelectorAll(\"iframe.wp-embedded-content\"),r=0;r<s.length;r++)(t=(e=s[r]).getAttribute(\"data-secret\"))||(t=Math.random().toString(36).substring(2,12),e.src+=\"#?secret=\"+t,e.setAttribute(\"data-secret\",t)),e.contentWindow.postMessage({message:\"ready\",secret:t},\"*\")},!1)))}(window,document);\n<\/script>\n","description":"Mam dla Was przykr\u0105 informacj\u0119 &#8211; Wczoraj odszed\u0142 nagle Wojtek Drewniak. Umieszczam wspomnienie o nim, gdy\u017c zna\u0142am go jako wyj\u0105tkowo skromnego, ciep\u0142ego, serdecznego cz\u0142owieka. Wielu z nas zna\u0142o Wojtka, dzia\u0142a\u0142 w naszych klimatach od wielu, wielu lat. W\u0142\u0105czam dzi\u015b fb i widz\u0119 informacj\u0119 o odej\u015bciu Wojtka&nbsp;Wojciech Drewniak.Dziwny czas &#8211; odchodzi niespodziewanie wielu ludzi.Wojtka pozna\u0142am podczas [&hellip;]","thumbnail_url":"https:\/\/www.facebook.com\/images\/emoji.php\/v9\/ff3\/1.5\/16\/2764.png"}

Aktualności

5 grudnia 2017 - Aktualności

<blockquote class="wp-embedded-content" data-secret="q3p3PKhqKQ"><a href="https://epokaserca.pl/aktualnosci/5-grudnia-2017/">5 grudnia 2017</a></blockquote><iframe sandbox="allow-scripts" security="restricted" src="https://epokaserca.pl/aktualnosci/5-grudnia-2017/embed/#?secret=q3p3PKhqKQ" width="600" height="338" title="&#8222;5 grudnia 2017&#8221; &#8212; Aktualności" data-secret="q3p3PKhqKQ" frameborder="0" marginwidth="0" marginheight="0" scrolling="no" class="wp-embedded-content"></iframe><script>
/*! This file is auto-generated */
!function(d,l){"use strict";l.querySelector&&d.addEventListener&&"undefined"!=typeof URL&&(d.wp=d.wp||{},d.wp.receiveEmbedMessage||(d.wp.receiveEmbedMessage=function(e){var t=e.data;if((t||t.secret||t.message||t.value)&&!/[^a-zA-Z0-9]/.test(t.secret)){for(var s,r,n,a=l.querySelectorAll('iframe[data-secret="'+t.secret+'"]'),o=l.querySelectorAll('blockquote[data-secret="'+t.secret+'"]'),c=new RegExp("^https?:$","i"),i=0;i<o.length;i++)o[i].style.display="none";for(i=0;i<a.length;i++)s=a[i],e.source===s.contentWindow&&(s.removeAttribute("style"),"height"===t.message?(1e3<(r=parseInt(t.value,10))?r=1e3:~~r<200&&(r=200),s.height=r):"link"===t.message&&(r=new URL(s.getAttribute("src")),n=new URL(t.value),c.test(n.protocol))&&n.host===r.host&&l.activeElement===s&&(d.top.location.href=t.value))}},d.addEventListener("message",d.wp.receiveEmbedMessage,!1),l.addEventListener("DOMContentLoaded",function(){for(var e,t,s=l.querySelectorAll("iframe.wp-embedded-content"),r=0;r<s.length;r++)(t=(e=s[r]).getAttribute("data-secret"))||(t=Math.random().toString(36).substring(2,12),e.src+="#?secret="+t,e.setAttribute("data-secret",t)),e.contentWindow.postMessage({message:"ready",secret:t},"*")},!1)))}(window,document);
</script>

Mam dla Was przykrą informację &#8211; Wczoraj odszedł nagle Wojtek Drewniak. Umieszczam wspomnienie o nim, gdyż znałam go jako wyjątkowo skromnego, ciepłego, serdecznego człowieka. Wielu z nas znało Wojtka, działał w naszych klimatach od wielu, wielu lat. Włączam dziś fb i widzę informację o odejściu Wojtka&nbsp;Wojciech Drewniak.Dziwny czas &#8211; odchodzi niespodziewanie wielu ludzi.Wojtka poznałam podczas [&hellip;]
